 - y + 1. Suppose 6*h + 19 = -17. Let t(a) = h*c(a) - 5*x(a). What are the prime factors of t(-8)?
2, 3, 5
Suppose 60920 = 3*w - 4*m, -2*w - m + 0*m + 40606 = 0. Suppose -96*i + w = -72*i. What are the prime factors of i?
2, 3, 47
Let n(j) = 58*j**2 - 5180*j - 4. What are the prime factors of n(-8)?
2, 11287
Suppose 71*d - 600838 - 3544886 = -190*d. List the prime factors of d.
2, 11, 19
Let c = 35 - -1. Let b be (2/6)/((-12)/c). Let x(d) = 18*d**2 - 2*d - 2. List the prime factors of x(b).
2, 3
Suppose 4*p = 4*h - 72, 5*p - 2*h + 0*h + 75 = 0. Let d = 27 + p. Suppose -n + 43 = d. List the prime factors of n.
29
Let a(r) = 2*r**3 + 4*r + 23*r**2 - r**3 + r - 29*r**2. Let p be a(5). Suppose -3*h - 5*h + 872 = p. List the prime factors of h.
109
Let u = -105 - -118. Suppose -14*t + 13 = -u*t. Let y(z) = -z**3 + 13*z**2 + 17*z - 3. What are the prime factors of y(t)?
2, 109
Suppose 2*m = -m + 1575. Suppose -10*s + 13*s - m = 0. Let b = 14 + s. What are the prime factors of b?
3, 7
Suppose -6*r + 320448 - 36204 = 0. What are the prime factors of r?
2, 23687
Suppose -31 + 14 = 17*r. What are the prime factors of (-3704)/(-3) - 7/21*r?
5, 13, 19
Suppose -7908 = -4*q + 16512. What are the prime factors of q?
3, 5, 11, 37
Let k(b) = -261*b**3 - 2*b**2 - 2*b + 7. Let i be k(-2). What are the prime factors of (65082/(-17))/(-3) + (-246)/i?
2, 11, 29
Let n = -857 - -862. Suppose -n*o - 1682 = -6*o. What are the prime factors of o?
2, 29
Suppose -5*z - 387 = -342, 2*g - 2*z - 101470 = 0. What are the prime factors of g?
2, 13, 1951
Let k = -32 - -33. Let a be k/(3/117)*(-70)/(-21). List the prime factors of (a/40)/(2/48).
2, 3, 13
Suppose 15*i + 15118 - 661768 = 0. List the prime factors of i.
2, 3, 5, 479
What are the prime factors of ((-3553)/76 - 29)*(-556)/3?
101, 139
Let s = 34 + -23. Suppose -s*p - 11682 = -33*p. What are the prime factors of p?
3, 59
Let k(b) = -55*b + 280. List the prime factors of k(-48).
2, 5, 73
Let p = 12 - 15. Let v(j) = -13*j**3 + 5*j**2 + j - 8. Let k be v(p). Suppose 223 = 4*q - k. What are the prime factors of q?
2, 19
Suppose 1 + 14 = 3*t. Suppose 0 = t*h + 2*r - 65, -6*h + 3*h - 5*r + 58 = 0. Let d(x) = 6*x - 36. List the prime factors of d(h).
2, 3, 5
What are the prime factors of (1870/119)/((-18)/(-3717))?
5, 11, 59
Suppose 10*z = 18*z + 2424. Let b = z + 583. What are the prime factors of b?
2, 5, 7
Let d(q) be the second derivative of 47*q**3/6 + 197*q**2/2 + 77*q. List the prime factors of d(9).
2, 5, 31
Let h(q) = -84*q**3 + 2*q + 27*q**2 + 83*q**3 - 4 + 8*q - 8*q. List the prime factors of h(26).
2, 181
Let g(b) = 43*b + 19. Let h be g(-8). Let p = -265 - h. List the prime factors of p.
2, 3, 5
Let j(w) = -8*w**3 + 23*w**2 - 20*w + 146. What are the prime factors of j(-14)?
2, 3, 4481
Suppose -d + 3*w = 3*d + 87, 3*d + 49 = -w. Let p = d + 51. List the prime factors of p.
3, 11
Suppose -17*g = -8*g + 22*g - 359972. List the prime factors of g.
2, 2903
Suppose -65*t + 69*t + 8 = 0, 3*g + t = 778. List the prime factors of g.
2, 5, 13
Let c(s) = -s - 14. Let v be (22/6 - -1)/((-5)/15). Let w be c(v). Suppose w = -3*i + 68 + 34. List the prime factors of i.
2, 17
What are the prime factors of 4/(-36)*-51167 - (-3 + 145/45)?
3, 5, 379
Let b(t) = 80*t - 84. Let m(r) = -3*r**2 - 13*r - 4. Let p be m(-3). What are the prime factors of b(p)?
2, 139
Suppose -8*i + 33 - 41 = 0. List the prime factors of 0 + 136 - 6/i.
2, 71
Let g(c) = -37*c - 140. Suppose 13*w = -147 + 4. What are the prime factors of g(w)?
3, 89
Let j = 330 + -657. What are the prime factors of (-1)/((-2)/(-8)) - (j + 37)?
2, 11, 13
Let p(j) = 3*j + 13. Let d be p(-8). Let o(s) = -s**2 - 12*s + 1. Let m be o(d). Suppose m*y - 498 = 402. List the prime factors of y.
3, 5
Suppose -2*a + b = -a, -2*a = 4*b - 12. Suppose 4 = -0*l - l, a*v + 5*l + 42 = 0. Let x(o) = -o + 18. What are the prime factors of x(v)?
29
Suppose 24*x - 58 = 14. List the prime factors of ((-2758)/x)/(42/(-63)).
7, 197
Suppose o = -1, 3*o = 5*d - 6*d + 415. Let f be (-3)/9 + (-736)/(-3). Let w = d - f. List the prime factors of w.
173
What are the prime factors of (-8*(-3)/(-14))/((132/(-77406))/11)?
2, 3, 19, 97
Let z(a) = a**2 + 36*a + 36049. What are the prime factors of z(0)?
13, 47, 59
What are the prime factors of ((-20)/6 - 0)*(-2832984)/4015?
2, 3, 7
Suppose f - 2684 + 328 = 5*m, 0 = f + 5*m - 2346. What are the prime factors of f?
2351
Let r = -4834 + 33073. What are the prime factors of r?
3, 9413
Suppose -5*t = -6*t + 7. Suppose -t*d + 3 = -10*d. Let q(a) = -119*a**3 - a. List the prime factors of q(d).
2, 3, 5
Let m(q) be the first derivative of 10 - 23/2*q**2 - 20*q. What are the prime factors of m(-4)?
2, 3
Suppose -18472 = 3*y - m - 73905, -5*m = 5*y - 92375. What are the prime factors of y?
3, 2053
Suppose 0 = 5*j + 3*l - 29206, 4*l = j - 4354 - 1501. What are the prime factors of j?
5843
List the prime factors of (-125 + 123)*8690/(-4).
5, 11, 79
Let v(z) = -127*z**2 + 3*z + 2. Let u be v(-3). Let d = -767 - u. What are the prime factors of d?
383
Let r = 25460 + -11194. What are the prime factors of r?
2, 7, 1019
Let c = 43177 + -29603. What are the prime factors of c?
2, 11, 617
Suppose 0 = -4*j + 2*i + 2160, -6*j + 8*j = -5*i + 1104. Suppose v = 2*l - j, -45*v = -50*v - 10. List the prime factors of l.
2, 3, 5
Let k = 44529 + -13478. What are the prime factors of k?
31051
Let a be (-6 + 6 - 4) + 4. Suppose 21*o - 10*o - 5148 = a. List the prime factors of o.
2, 3, 13
Let h(j) be the first derivative of -15 - 13/2*j**2 - 1/3*j**3 + 12*j. What are the prime factors of h(-6)?
2, 3
Suppose -24 = -3*j, 2*k = j + 26548 + 46328. List the prime factors of k.
2, 7, 19, 137
Let i(p) = p**3 + 14*p**2 + 10*p + 28. Suppose -3*l = -0*l - 51. Let r = l - 29. List the prime factors of i(r).
2, 7
Suppose 2456 = u - 3*u. Let h = -596 - u. List the prime factors of h.
2, 79
Suppose 2*n = 5*v - 29, 4*n - 1 + 3 = 2*v. Suppose -2*a - v*u + 2*u = -634, 5*a + 4*u - 1585 = 0. What are the prime factors of a?
317
Let t = -195 + 208. Suppose -t*r = -8*r - 1700. What are the prime factors of r?
2, 5, 17
Suppose -6*w + 7*w = -16. Let u = -14 - w. Suppose -5*x = 3*o - 7*o - 142, u*o - 72 = -3*x. What are the prime factors of x?
2, 13
Let n = -311 - -314. Suppose -611 = -2*y - j, -n*y + 1179 = -5*j + 269. List the prime factors of y.
5, 61
List the prime factors of 773/(-2)*(-2 + -32).
17, 773
Let a(w) = -119*w + 8 + 15 - 17. What are the prime factors of a(-4)?
2, 241
Suppose -481*c = -442*c - 115011. List the prime factors of c.
3, 983
Let v(d) = -4*d - 19. Let k be v(11). Let y = -39 - k. What are the prime factors of 618/4*y/36?
103
Suppose -418095 = -49*m + 29*m - 137575. List the prime factors of m.
2, 7013
Suppose -3*v + 3 - 32 = 2*i, 4*v + 12 = 4*i. Let c = v + 107. List the prime factors of c.
2, 5
What are the prime factors of 48*(100/800 - (-44282)/48)?
2, 173
Let d be (1*(-14)/(-10))/((-10)/(-100)). Suppose 6 = 4*w - 2. Suppose -w*h + 4 - d = 0, -5*j = 5*h - 330. List the prime factors of j.
71
Let t(b) = -b**3 + 6*b**2 - 8*b + 2. Let p be t(3). Suppose p*l - 36 = 4*q - 0, -3*l - 8 = 5*q. What are the prime factors of (190 - l)*3/3?
2, 3, 31
Suppose 27 = n + 3*f, -n - 3*f = f - 25. Suppose -n*h + 81 = -30*h. What are the prime factors of h?
3
Let m(r) = r**2 - 3*r - 5. Let h be m(4). Let b be (-6 + -6)*h/3. Suppose 2*x + 20 = 7*x, -b*y - 4*x = -832. What are the prime factors of y?
2, 3, 17
Let j(i) = 6*i**3 - 10*i**2 - 4*i + 1. Let b be j(-3). List the prime factors of b/4*(-16)/2.
2, 239
Let q = 178 + -106. Suppose -3*j + 2*t + 50 = 0, -16*j + 5*t + 175 = -6*j. Let h = q - j. List the prime factors of h.
2, 13
Suppose 5*t - 3 = 17. Suppose -5*f - 63 = -t*f. What are the prime factors of (-14)/f - (-6076)/36?
13
Let c be (78/(-65))/((-3)/10). Suppose 0 = -u - c, 2*y = -2*u + 964. Let k = y - 258. What are the prime factors of k?
2, 3, 19
Let h(s) = s**3 + s**2 + s + 13. Let v = 75 + -75. Let b be h(v). Suppose 10*y = b*y - 225. What are the prime factors of y?
3, 5
Let u(l) be the second derivative of 5*l**3 - 16*l**2 - 3*l. Let y(m) = -m + 6. Let n be y(1). List the prime factors of u(n).
2, 59
Suppose 0 = -4*m - 38 + 10. Let f be (-2)/m - (-3 - 468/28). What are the prime fact